{"id":492,"date":"2022-01-27T15:39:40","date_gmt":"2022-01-27T14:39:40","guid":{"rendered":"http:\/\/yzncjip.cluster031.hosting.ovh.net\/?page_id=492"},"modified":"2022-07-26T11:18:44","modified_gmt":"2022-07-26T09:18:44","slug":"exercices-organises-par-le-centre-de-brest","status":"publish","type":"page","link":"https:\/\/www.polmarterre.fr\/index.php\/exercices-organises-par-le-centre-de-brest\/","title":{"rendered":"Exercices organis\u00e9s avec le centre de Brest"},"content":{"rendered":"\n<p>\u00a0<\/p>\n<p><span style=\"font-family: arial, helvetica, sans-serif; color: #0000ff;\"><img loading=\"lazy\" decoding=\"async\" class=\"alignnone size-medium wp-image-122\" src=\"http:\/\/yzncjip.cluster031.hosting.ovh.net\/wp-content\/uploads\/2022\/01\/brest-300x147.jpg\" alt=\"\" width=\"300\" height=\"147\" srcset=\"https:\/\/www.polmarterre.fr\/wp-content\/uploads\/2022\/01\/brest-300x147.jpg 300w, https:\/\/www.polmarterre.fr\/wp-content\/uploads\/2022\/01\/brest.jpg 475w\" sizes=\"auto, (max-width: 300px) 100vw, 300px\" \/><\/span><\/p>\n<p><span style=\"font-family: arial, helvetica, sans-serif; color: #0000ff;\">Ile et Vilaine (35)<br \/><\/span><\/p>\n<ul>\n<li>\n<p><span style=\"font-family: arial, helvetica, sans-serif; color: #0000ff;\">1991 : Rhoth\u00e9neuf (Le Havre)<\/span><\/p>\n<\/li>\n<li>\n<p><span style=\"font-family: arial, helvetica, sans-serif; color: #0000ff;\">2002 : Embouchure du Fr\u00e9mur<\/span><\/p>\n<\/li>\n<li>\n<p><span style=\"font-family: arial, helvetica, sans-serif; color: #0000ff;\">2003 : Prestige (Pollution)<\/span><\/p>\n<\/li>\n<li>\n<p><span style=\"font-family: arial, helvetica, sans-serif; color: #0000ff;\">2004 : Cancale (Pollution)<\/span><\/p>\n<\/li>\n<li>\n<p><span style=\"font-family: arial, helvetica, sans-serif; color: #0000ff;\">2015 : Vivier sur mer + Etat-major zonal terre-mer<\/span><\/p>\n<\/li>\n<\/ul>\n<p><br \/><span style=\"font-family: arial, helvetica, sans-serif; color: #ff0000;\">C\u00f4tes d\u2019Armor (22)<br \/><\/span><\/p>\n<ul>\n<li>\n<p><span style=\"font-family: arial, helvetica, sans-serif; color: #ff0000;\">1992 : L\u00e9zardrieux (Le Trieux), Loguivy (Port)<\/span><\/p>\n<\/li>\n<li>\n<p><span style=\"font-family: arial, helvetica, sans-serif; color: #ff0000;\">1996 : L\u00e9zardrieux (Le Trieux), Loguivy (Port)<\/span><\/p>\n<\/li>\n<li>\n<p><span style=\"font-family: arial, helvetica, sans-serif; color: #ff0000;\">2002 : Embouchure du Fr\u00e9mur<\/span><\/p>\n<\/li>\n<li>\n<p><span style=\"font-family: arial, helvetica, sans-serif; color: #ff0000;\">2003 : Prestige (Pollution)<\/span><\/p>\n<\/li>\n<li>\n<p><span style=\"font-family: arial, helvetica, sans-serif; color: #ff0000;\">2006 : Perros Guirec (Port + plage de Trestraou)<\/span><\/p>\n<\/li>\n<li>\n<p><span style=\"font-family: arial, helvetica, sans-serif; color: #ff0000;\">2013 : Le L\u00e9guer<\/span><\/p>\n<\/li>\n<li>\n<p><span style=\"font-family: arial, helvetica, sans-serif; color: #ff0000;\">2015 : Etat-major zonal terre-mer<\/span><\/p>\n<\/li>\n<li>\n<p><span style=\"font-family: arial, helvetica, sans-serif; color: #ff0000;\">2016 : Fr\u00e9hel (sable d\u2019or les pins)<\/span><\/p>\n<\/li>\n<li>\n<p><span style=\"font-family: arial, helvetica, sans-serif; color: #ff0000;\">2019 : Ploubazlanec<\/span><\/p>\n<\/li>\n<li>\n<p><span style=\"font-family: arial, helvetica, sans-serif; color: #ff0000;\">2022 : Br\u00e9hat (La Corderie)<\/span><\/p>\n<\/li>\n<\/ul>\n<p><br \/><span style=\"font-family: arial, helvetica, sans-serif;\">Finist\u00e8re (29)<br \/><\/span><\/p>\n<ul>\n<li>\n<p><span style=\"font-family: arial, helvetica, sans-serif;\">1982 : Brest (Base de vitesse)<\/span><\/p>\n<\/li>\n<li>\n<p><span style=\"font-family: arial, helvetica, sans-serif;\">1987 : Plouguerneau (Aber-Wrac\u2019h)<\/span><\/p>\n<\/li>\n<li>\n<p><span style=\"font-family: arial, helvetica, sans-serif;\">1993 : Primel Tr\u00e9gastel (Le Diben) (ANTIPOL)<\/span><\/p>\n<\/li>\n<li>\n<p><span style=\"font-family: arial, helvetica, sans-serif;\">1999 : Le Pouldu (La La\u00efta)<\/span><\/p>\n<\/li>\n<li>\n<p><span style=\"font-family: arial, helvetica, sans-serif;\">2000 : Erika (Pollution)<\/span><\/p>\n<\/li>\n<li>\n<p><span style=\"font-family: arial, helvetica, sans-serif;\">2003 : Prestige (Pollution)<\/span><\/p>\n<\/li>\n<li>\n<p><span style=\"font-family: arial, helvetica, sans-serif;\">2007 : Rivi\u00e8re La Penz\u00e9<\/span><\/p>\n<\/li>\n<li>\n<p><span style=\"font-family: arial, helvetica, sans-serif;\">2011 : Riec sur B\u00e9lon (Port du B\u00e9lon)<\/span><\/p>\n<\/li>\n<li>\n<p><span style=\"font-family: arial, helvetica, sans-serif;\">2014 : Le Conquet<\/span><\/p>\n<\/li>\n<li>\n<p><span style=\"font-family: arial, helvetica, sans-serif;\">2015 : Brest (Interface terre-mer) + Etat-major zonal terre-mer<\/span><\/p>\n<\/li>\n<li>\n<p><span style=\"font-family: arial, helvetica, sans-serif;\">2017 : Loctudy, Ile Tudy<\/span><\/p>\n<\/li>\n<li><span style=\"font-family: arial, helvetica, sans-serif;\">2020 : Plougasnou + Etat Major<\/span><\/li>\n<\/ul>\n","protected":false},"excerpt":{"rendered":"<p>\u00a0 Ile et Vilaine (35) 1991 : Rhoth\u00e9neuf (Le Havre) 2002 : Embouchure du Fr\u00e9mur 2003 : Prestige (Pollution) 2004 : Cancale (Pollution) 2015 : Vivier sur mer + Etat-major zonal terre-mer C\u00f4tes d\u2019Armor (22) 1992 : L\u00e9zardrieux (Le Trieux), Loguivy (Port) 1996 : L\u00e9zardrieux (Le Trieux), Loguivy (Port) 2002 : Embouchure du Fr\u00e9mur 2003&hellip; <a href=\"https:\/\/www.polmarterre.fr\/index.php\/exercices-organises-par-le-centre-de-brest\/\" class=\"more-link\">Lire la suite <span class=\"screen-reader-text\">Exercices organis\u00e9s avec le centre de Brest<\/span><\/a><\/p>\n","protected":false},"author":1,"featured_media":0,"parent":0,"menu_order":0,"comment_status":"closed","ping_status":"closed","template":"templates\/full-width-page.php","meta":{"footnotes":""},"class_list":["post-492","page","type-page","status-publish","hentry","without-featured-image"],"_links":{"self":[{"href":"https:\/\/www.polmarterre.fr\/index.php\/wp-json\/wp\/v2\/pages\/492","targetHints":{"allow":["GET"]}}],"collection":[{"href":"https:\/\/www.polmarterre.fr\/index.php\/wp-json\/wp\/v2\/pages"}],"about":[{"href":"https:\/\/www.polmarterre.fr\/index.php\/wp-json\/wp\/v2\/types\/page"}],"author":[{"embeddable":true,"href":"https:\/\/www.polmarterre.fr\/index.php\/wp-json\/wp\/v2\/users\/1"}],"replies":[{"embeddable":true,"href":"https:\/\/www.polmarterre.fr\/index.php\/wp-json\/wp\/v2\/comments?post=492"}],"version-history":[{"count":3,"href":"https:\/\/www.polmarterre.fr\/index.php\/wp-json\/wp\/v2\/pages\/492\/revisions"}],"predecessor-version":[{"id":1042,"href":"https:\/\/www.polmarterre.fr\/index.php\/wp-json\/wp\/v2\/pages\/492\/revisions\/1042"}],"wp:attachment":[{"href":"https:\/\/www.polmarterre.fr\/index.php\/wp-json\/wp\/v2\/media?parent=492"}],"curies":[{"name":"wp","href":"https:\/\/api.w.org\/{rel}","templated":true}]}}

Exercices organisés avec le centre de Brest

<p> </p>
<p><span style="font-family: arial, helvetica, sans-serif; color: #0000ff;"><img loading="lazy" decoding="async" class="alignnone size-medium wp-image-122" src="http://yzncjip.cluster031.hosting.ovh.net/wp-content/uploads/2022/01/brest-300x147.jpg" alt="" width="300" height="147" srcset="https://www.polmarterre.fr/wp-content/uploads/2022/01/brest-300x147.jpg 300w, https://www.polmarterre.fr/wp-content/uploads/2022/01/brest.jpg 475w" sizes="auto, (max-width: 300px) 100vw, 300px" /></span></p>
<p><span style="font-family: arial, helvetica, sans-serif; color: #0000ff;">Ile et Vilaine (35)<br /></span></p>
<ul>
<li>
<p><span style="font-family: arial, helvetica, sans-serif; color: #0000ff;">1991 : Rhothéneuf (Le Havre)</span></p>
</li>
<li>
<p><span style="font-family: arial, helvetica, sans-serif; color: #0000ff;">2002 : Embouchure du Frémur</span></p>
</li>
<li>
<p><span style="font-family: arial, helvetica, sans-serif; color: #0000ff;">2003 : Prestige (Pollution)</span></p>
</li>
<li>
<p><span style="font-family: arial, helvetica, sans-serif; color: #0000ff;">2004 : Cancale (Pollution)</span></p>
</li>
<li>
<p><span style="font-family: arial, helvetica, sans-serif; color: #0000ff;">2015 : Vivier sur mer + Etat-major zonal terre-mer</span></p>
</li>
</ul>
<p><br /><span style="font-family: arial, helvetica, sans-serif; color: #ff0000;">Côtes d’Armor (22)<br /></span></p>
<ul>
<li>
<p><span style="font-family: arial, helvetica, sans-serif; color: #ff0000;">1992 : Lézardrieux (Le Trieux), Loguivy (Port)</span></p>
</li>
<li>
<p><span style="font-family: arial, helvetica, sans-serif; color: #ff0000;">1996 : Lézardrieux (Le Trieux), Loguivy (Port)</span></p>
</li>
<li>
<p><span style="font-family: arial, helvetica, sans-serif; color: #ff0000;">2002 : Embouchure du Frémur</span></p>
</li>
<li>
<p><span style="font-family: arial, helvetica, sans-serif; color: #ff0000;">2003 : Prestige (Pollution)</span></p>
</li>
<li>
<p><span style="font-family: arial, helvetica, sans-serif; color: #ff0000;">2006 : Perros Guirec (Port + plage de Trestraou)</span></p>
</li>
<li>
<p><span style="font-family: arial, helvetica, sans-serif; color: #ff0000;">2013 : Le Léguer</span></p>
</li>
<li>
<p><span style="font-family: arial, helvetica, sans-serif; color: #ff0000;">2015 : Etat-major zonal terre-mer</span></p>
</li>
<li>
<p><span style="font-family: arial, helvetica, sans-serif; color: #ff0000;">2016 : Fréhel (sable d’or les pins)</span></p>
</li>
<li>
<p><span style="font-family: arial, helvetica, sans-serif; color: #ff0000;">2019 : Ploubazlanec</span></p>
</li>
<li>
<p><span style="font-family: arial, helvetica, sans-serif; color: #ff0000;">2022 : Bréhat (La Corderie)</span></p>
</li>
</ul>
<p><br /><span style="font-family: arial, helvetica, sans-serif;">Finistère (29)<br /></span></p>
<ul>
<li>
<p><span style="font-family: arial, helvetica, sans-serif;">1982 : Brest (Base de vitesse)</span></p>
</li>
<li>
<p><span style="font-family: arial, helvetica, sans-serif;">1987 : Plouguerneau (Aber-Wrac’h)</span></p>
</li>
<li>
<p><span style="font-family: arial, helvetica, sans-serif;">1993 : Primel Trégastel (Le Diben) (ANTIPOL)</span></p>
</li>
<li>
<p><span style="font-family: arial, helvetica, sans-serif;">1999 : Le Pouldu (La Laïta)</span></p>
</li>
<li>
<p><span style="font-family: arial, helvetica, sans-serif;">2000 : Erika (Pollution)</span></p>
</li>
<li>
<p><span style="font-family: arial, helvetica, sans-serif;">2003 : Prestige (Pollution)</span></p>
</li>
<li>
<p><span style="font-family: arial, helvetica, sans-serif;">2007 : Rivière La Penzé</span></p>
</li>
<li>
<p><span style="font-family: arial, helvetica, sans-serif;">2011 : Riec sur Bélon (Port du Bélon)</span></p>
</li>
<li>
<p><span style="font-family: arial, helvetica, sans-serif;">2014 : Le Conquet</span></p>
</li>
<li>
<p><span style="font-family: arial, helvetica, sans-serif;">2015 : Brest (Interface terre-mer) + Etat-major zonal terre-mer</span></p>
</li>
<li>
<p><span style="font-family: arial, helvetica, sans-serif;">2017 : Loctudy, Ile Tudy</span></p>
</li>
<li><span style="font-family: arial, helvetica, sans-serif;">2020 : Plougasnou + Etat Major</span></li>
</ul>

<p>  Ile et Vilaine (35) 1991 : Rhothéneuf (Le Havre) 2002 : Embouchure du Frémur 2003 : Prestige (Pollution) 2004 : Cancale (Pollution) 2015 : Vivier sur mer + Etat-major zonal terre-mer Côtes d’Armor (22) 1992 : Lézardrieux (Le Trieux), Loguivy (Port) 1996 : Lézardrieux (Le Trieux), Loguivy (Port) 2002 : Embouchure du Frémur 2003&hellip; <a href="https://www.polmarterre.fr/index.php/exercices-organises-par-le-centre-de-brest/" class="more-link">Lire la suite <span class="screen-reader-text">Exercices organisés avec le centre de Brest</span></a></p>
