{"id":489,"date":"2022-01-27T15:37:25","date_gmt":"2022-01-27T14:37:25","guid":{"rendered":"http:\/\/yzncjip.cluster031.hosting.ovh.net\/?page_id=489"},"modified":"2022-01-28T09:22:13","modified_gmt":"2022-01-28T08:22:13","slug":"references-des-plans-orsec-polmar-terre-ille-et-vilaine-cotes-darmor-finistere","status":"publish","type":"page","link":"https:\/\/www.polmarterre.fr\/index.php\/references-des-plans-orsec-polmar-terre-ille-et-vilaine-cotes-darmor-finistere\/","title":{"rendered":"R\u00e9f\u00e9rences des plans Orsec\/ Polmar terre : Ille et Vilaine, C\u00f4tes d\u2019Armor, Finist\u00e8re"},"content":{"rendered":"\n<h4 class=\"western\"><span style=\"font-family: arial, helvetica, sans-serif;\">D\u00e9partement de l\u2019Ille-et-Vilaine<\/span><\/h4>\n<p style=\"padding-left: 40px;\"><span style=\"font-family: arial, helvetica, sans-serif;\">Date d\u2019approbation du plan initial Orsec\/Polmar-Terre :\u00a0<span style=\"color: #0000ff;\"><b>31\/05\/1979<\/b><\/span><\/span><br \/><span style=\"font-family: arial, helvetica, sans-serif;\">Date du dernier arr\u00eat\u00e9 pr\u00e9fectoral :\u00a0<span style=\"color: #0000ff;\"><b>2015<\/b><\/span><\/span><br \/><span style=\"font-family: arial, helvetica, sans-serif;\">Date de la derni\u00e8re r\u00e9vision ou mise \u00e0 jour :<\/span><br \/><span style=\"font-family: arial, helvetica, sans-serif;\">R\u00e9vision en cours :\u00a0<span style=\"color: #0000ff;\"><b>non<\/b><\/span><\/span><\/p>\n<h4 class=\"western\"><span style=\"font-family: arial, helvetica, sans-serif;\">D\u00e9partement des C\u00f4tes-d\u2019Armor<\/span><\/h4>\n<p style=\"padding-left: 40px;\"><span style=\"font-family: arial, helvetica, sans-serif;\">Date d\u2019approbation du plan initial Orsec\/Polmar-Terre :\u00a0<span style=\"color: #0000ff;\"><b>21\/12\/1988<\/b><\/span><\/span><br \/><span style=\"font-family: arial, helvetica, sans-serif;\">Date du dernier arr\u00eat\u00e9 pr\u00e9fectoral :\u00a0<span style=\"color: #0000ff;\"><b>juin 2016<\/b><\/span><\/span><br \/><span style=\"font-family: arial, helvetica, sans-serif;\">Date de la derni\u00e8re r\u00e9vision ou mise \u00e0 jour :<\/span><br \/><span style=\"font-family: arial, helvetica, sans-serif;\">R\u00e9vision en cours :\u00a0<span style=\"color: #0000ff;\"><b>non<\/b><\/span><\/span><\/p>\n<h4 class=\"western\"><span style=\"font-family: arial, helvetica, sans-serif;\">D\u00e9partement du Finist\u00e8re<\/span><\/h4>\n<p style=\"padding-left: 40px;\"><span style=\"font-family: arial, helvetica, sans-serif;\">Date d\u2019approbation du plan initial Orsec\/Polmar-Terre :\u00a0<span style=\"color: #0000ff;\"><b>1979<\/b><\/span><\/span><br \/><span style=\"font-family: arial, helvetica, sans-serif;\">Date du dernier arr\u00eat\u00e9 pr\u00e9fectoral :\u00a0<span style=\"color: #0000ff;\"><b>29\/07\/2014<\/b><\/span><\/span><br \/><span style=\"font-family: arial, helvetica, sans-serif;\">Date de la derni\u00e8re r\u00e9vision ou mise \u00e0 jour :<\/span><br \/><span style=\"font-family: arial, helvetica, sans-serif;\">R\u00e9vision en cours :\u00a0<span style=\"color: #0000ff;\"><b>non<\/b><\/span><\/span><\/p>\n","protected":false},"excerpt":{"rendered":"<p>D\u00e9partement de l\u2019Ille-et-Vilaine Date d\u2019approbation du plan initial Orsec\/Polmar-Terre :\u00a031\/05\/1979Date du dernier arr\u00eat\u00e9 pr\u00e9fectoral :\u00a02015Date de la derni\u00e8re r\u00e9vision ou mise \u00e0 jour :R\u00e9vision en cours :\u00a0non D\u00e9partement des C\u00f4tes-d\u2019Armor Date d\u2019approbation du plan initial Orsec\/Polmar-Terre :\u00a021\/12\/1988Date du dernier arr\u00eat\u00e9 pr\u00e9fectoral :\u00a0juin 2016Date de la derni\u00e8re r\u00e9vision ou mise \u00e0 jour :R\u00e9vision en cours :\u00a0non&hellip; <a href=\"https:\/\/www.polmarterre.fr\/index.php\/references-des-plans-orsec-polmar-terre-ille-et-vilaine-cotes-darmor-finistere\/\" class=\"more-link\">Lire la suite <span class=\"screen-reader-text\">R\u00e9f\u00e9rences des plans Orsec\/ Polmar terre : Ille et Vilaine, C\u00f4tes d\u2019Armor, Finist\u00e8re<\/span><\/a><\/p>\n","protected":false},"author":1,"featured_media":0,"parent":0,"menu_order":0,"comment_status":"closed","ping_status":"closed","template":"templates\/full-width-page.php","meta":{"footnotes":""},"class_list":["post-489","page","type-page","status-publish","hentry","without-featured-image"],"_links":{"self":[{"href":"https:\/\/www.polmarterre.fr\/index.php\/wp-json\/wp\/v2\/pages\/489","targetHints":{"allow":["GET"]}}],"collection":[{"href":"https:\/\/www.polmarterre.fr\/index.php\/wp-json\/wp\/v2\/pages"}],"about":[{"href":"https:\/\/www.polmarterre.fr\/index.php\/wp-json\/wp\/v2\/types\/page"}],"author":[{"embeddable":true,"href":"https:\/\/www.polmarterre.fr\/index.php\/wp-json\/wp\/v2\/users\/1"}],"replies":[{"embeddable":true,"href":"https:\/\/www.polmarterre.fr\/index.php\/wp-json\/wp\/v2\/comments?post=489"}],"version-history":[{"count":1,"href":"https:\/\/www.polmarterre.fr\/index.php\/wp-json\/wp\/v2\/pages\/489\/revisions"}],"predecessor-version":[{"id":490,"href":"https:\/\/www.polmarterre.fr\/index.php\/wp-json\/wp\/v2\/pages\/489\/revisions\/490"}],"wp:attachment":[{"href":"https:\/\/www.polmarterre.fr\/index.php\/wp-json\/wp\/v2\/media?parent=489"}],"curies":[{"name":"wp","href":"https:\/\/api.w.org\/{rel}","templated":true}]}}