{"id":431,"date":"2022-01-27T14:25:26","date_gmt":"2022-01-27T13:25:26","guid":{"rendered":"http:\/\/yzncjip.cluster031.hosting.ovh.net\/?page_id=431"},"modified":"2022-01-28T09:17:40","modified_gmt":"2022-01-28T08:17:40","slug":"references-des-plans-orsec-polmar-terre-bouches-du-rhone-var-alpes-maritimes","status":"publish","type":"page","link":"https:\/\/www.polmarterre.fr\/index.php\/references-des-plans-orsec-polmar-terre-bouches-du-rhone-var-alpes-maritimes\/","title":{"rendered":"R\u00e9f\u00e9rences des plans Orsec\/ Polmar terre : Bouches du Rh\u00f4ne, Var, Alpes Maritimes"},"content":{"rendered":"\n<div class=\"entry-content\">\n<h4 class=\"western\"><span style=\"font-family: arial, helvetica, sans-serif;\">D\u00e9partement des Bouches-du-Rh\u00f4ne<\/span><\/h4>\n<p style=\"padding-left: 40px;\"><span style=\"font-family: arial, helvetica, sans-serif;\">Date d\u2019approbation du plan initial Orsec\/POLMAR-Terre :<\/span><br \/><span style=\"font-family: arial, helvetica, sans-serif;\">Date du dernier arr\u00eat\u00e9 pr\u00e9fectoral :\u00a0<b><span style=\"color: #0000ff;\">2011<\/span><br \/><\/b>Date de la derni\u00e8re r\u00e9vision ou mise \u00e0 jour :<\/span><br \/><span style=\"font-family: arial, helvetica, sans-serif;\">R\u00e9vision en cours :<\/span><\/p>\n<h4 class=\"western\"><span style=\"font-family: arial, helvetica, sans-serif;\">D\u00e9partement du Var<\/span><\/h4>\n<p style=\"padding-left: 40px;\"><span style=\"font-family: arial, helvetica, sans-serif;\">Date d\u2019approbation du plan initial Orsec\/POLMAR-Terre :\u00a0<span style=\"color: #0000ff;\"><b>1982<\/b><\/span><\/span><br \/><span style=\"font-family: arial, helvetica, sans-serif;\">Date du dernier arr\u00eat\u00e9 pr\u00e9fectoral :\u00a0<span style=\"color: #0000ff;\"><b>02\/04\/2001<\/b><\/span><\/span><br \/><span style=\"font-family: arial, helvetica, sans-serif;\">Date de la derni\u00e8re r\u00e9vision ou mise \u00e0 jour :<\/span><br \/><span style=\"font-family: arial, helvetica, sans-serif;\">R\u00e9vision en cours :\u00a0<span style=\"color: #0000ff;\"><b>oui<\/b><\/span><\/span><\/p>\n<h4 class=\"western\"><span style=\"font-family: arial, helvetica, sans-serif;\">D\u00e9partement des Alpes-Maritimes<\/span><\/h4>\n<p style=\"padding-left: 40px;\"><span style=\"font-family: arial, helvetica, sans-serif;\">Date d\u2019approbation du plan initial Orsec\/POLMAR-Terre :\u00a0<span style=\"color: #0000ff;\"><b>1981<\/b><\/span><\/span><br \/><span style=\"font-family: arial, helvetica, sans-serif;\">Date du dernier arr\u00eat\u00e9 pr\u00e9fectoral :\u00a0<span style=\"color: #0000ff;\"><b>28\/05\/2008<\/b><\/span><\/span><br \/><span style=\"font-family: arial, helvetica, sans-serif;\">Date de la derni\u00e8re r\u00e9vision ou mise \u00e0 jour :<\/span><br \/><span style=\"font-family: arial, helvetica, sans-serif;\">R\u00e9vision en cours :<\/span><\/p>\n<\/div>\n","protected":false},"excerpt":{"rendered":"<p>D\u00e9partement des Bouches-du-Rh\u00f4ne Date d\u2019approbation du plan initial Orsec\/POLMAR-Terre :Date du dernier arr\u00eat\u00e9 pr\u00e9fectoral :\u00a02011Date de la derni\u00e8re r\u00e9vision ou mise \u00e0 jour :R\u00e9vision en cours : D\u00e9partement du Var Date d\u2019approbation du plan initial Orsec\/POLMAR-Terre :\u00a01982Date du dernier arr\u00eat\u00e9 pr\u00e9fectoral :\u00a002\/04\/2001Date de la derni\u00e8re r\u00e9vision ou mise \u00e0 jour :R\u00e9vision en cours :\u00a0oui D\u00e9partement&hellip; <a href=\"https:\/\/www.polmarterre.fr\/index.php\/references-des-plans-orsec-polmar-terre-bouches-du-rhone-var-alpes-maritimes\/\" class=\"more-link\">Lire la suite <span class=\"screen-reader-text\">R\u00e9f\u00e9rences des plans Orsec\/ Polmar terre : Bouches du Rh\u00f4ne, Var, Alpes Maritimes<\/span><\/a><\/p>\n","protected":false},"author":1,"featured_media":0,"parent":0,"menu_order":0,"comment_status":"closed","ping_status":"closed","template":"templates\/full-width-page.php","meta":{"footnotes":""},"class_list":["post-431","page","type-page","status-publish","hentry","without-featured-image"],"_links":{"self":[{"href":"https:\/\/www.polmarterre.fr\/index.php\/wp-json\/wp\/v2\/pages\/431","targetHints":{"allow":["GET"]}}],"collection":[{"href":"https:\/\/www.polmarterre.fr\/index.php\/wp-json\/wp\/v2\/pages"}],"about":[{"href":"https:\/\/www.polmarterre.fr\/index.php\/wp-json\/wp\/v2\/types\/page"}],"author":[{"embeddable":true,"href":"https:\/\/www.polmarterre.fr\/index.php\/wp-json\/wp\/v2\/users\/1"}],"replies":[{"embeddable":true,"href":"https:\/\/www.polmarterre.fr\/index.php\/wp-json\/wp\/v2\/comments?post=431"}],"version-history":[{"count":3,"href":"https:\/\/www.polmarterre.fr\/index.php\/wp-json\/wp\/v2\/pages\/431\/revisions"}],"predecessor-version":[{"id":435,"href":"https:\/\/www.polmarterre.fr\/index.php\/wp-json\/wp\/v2\/pages\/431\/revisions\/435"}],"wp:attachment":[{"href":"https:\/\/www.polmarterre.fr\/index.php\/wp-json\/wp\/v2\/media?parent=431"}],"curies":[{"name":"wp","href":"https:\/\/api.w.org\/{rel}","templated":true}]}}

Références des plans Orsec/ Polmar terre : Bouches du Rhône, Var, Alpes Maritimes

<div class="entry-content">
<h4 class="western"><span style="font-family: arial, helvetica, sans-serif;">Département des Bouches-du-Rhône</span></h4>
<p style="padding-left: 40px;"><span style="font-family: arial, helvetica, sans-serif;">Date d’approbation du plan initial Orsec/POLMAR-Terre :</span><br /><span style="font-family: arial, helvetica, sans-serif;">Date du dernier arrêté préfectoral : <b><span style="color: #0000ff;">2011</span><br /></b>Date de la dernière révision ou mise à jour :</span><br /><span style="font-family: arial, helvetica, sans-serif;">Révision en cours :</span></p>
<h4 class="western"><span style="font-family: arial, helvetica, sans-serif;">Département du Var</span></h4>
<p style="padding-left: 40px;"><span style="font-family: arial, helvetica, sans-serif;">Date d’approbation du plan initial Orsec/POLMAR-Terre : <span style="color: #0000ff;"><b>1982</b></span></span><br /><span style="font-family: arial, helvetica, sans-serif;">Date du dernier arrêté préfectoral : <span style="color: #0000ff;"><b>02/04/2001</b></span></span><br /><span style="font-family: arial, helvetica, sans-serif;">Date de la dernière révision ou mise à jour :</span><br /><span style="font-family: arial, helvetica, sans-serif;">Révision en cours : <span style="color: #0000ff;"><b>oui</b></span></span></p>
<h4 class="western"><span style="font-family: arial, helvetica, sans-serif;">Département des Alpes-Maritimes</span></h4>
<p style="padding-left: 40px;"><span style="font-family: arial, helvetica, sans-serif;">Date d’approbation du plan initial Orsec/POLMAR-Terre : <span style="color: #0000ff;"><b>1981</b></span></span><br /><span style="font-family: arial, helvetica, sans-serif;">Date du dernier arrêté préfectoral : <span style="color: #0000ff;"><b>28/05/2008</b></span></span><br /><span style="font-family: arial, helvetica, sans-serif;">Date de la dernière révision ou mise à jour :</span><br /><span style="font-family: arial, helvetica, sans-serif;">Révision en cours :</span></p>
</div>

<p>Département des Bouches-du-Rhône Date d’approbation du plan initial Orsec/POLMAR-Terre :Date du dernier arrêté préfectoral : 2011Date de la dernière révision ou mise à jour :Révision en cours : Département du Var Date d’approbation du plan initial Orsec/POLMAR-Terre : 1982Date du dernier arrêté préfectoral : 02/04/2001Date de la dernière révision ou mise à jour :Révision en cours : oui Département&hellip; <a href="https://www.polmarterre.fr/index.php/references-des-plans-orsec-polmar-terre-bouches-du-rhone-var-alpes-maritimes/" class="more-link">Lire la suite <span class="screen-reader-text">Références des plans Orsec/ Polmar terre : Bouches du Rhône, Var, Alpes Maritimes</span></a></p>
