{"id":2,"date":"2022-01-03T17:03:38","date_gmt":"2022-01-03T16:03:38","guid":{"rendered":"http:\/\/yzncjip.cluster031.hosting.ovh.net\/?page_id=2"},"modified":"2026-02-20T17:46:10","modified_gmt":"2026-02-20T16:46:10","slug":"accueil","status":"publish","type":"page","link":"https:\/\/www.polmarterre.fr\/","title":{"rendered":"Accueil"},"content":{"rendered":"\n<h2><span style=\"font-family: arial, helvetica, sans-serif;\"><strong>Le dispositif ORSEC\/POLMAR-Terre<\/strong><\/span><\/h2>\n<div><img loading=\"lazy\" decoding=\"async\" class=\"aligncenter wp-image-1336 size-full\" src=\"https:\/\/www.polmarterre.fr\/wp-content\/uploads\/DSC02401_2-scaled.jpg\" alt=\"\" width=\"2560\" height=\"698\" srcset=\"https:\/\/www.polmarterre.fr\/wp-content\/uploads\/DSC02401_2-scaled.jpg 2560w, https:\/\/www.polmarterre.fr\/wp-content\/uploads\/DSC02401_2-300x82.jpg 300w, https:\/\/www.polmarterre.fr\/wp-content\/uploads\/DSC02401_2-1024x279.jpg 1024w, https:\/\/www.polmarterre.fr\/wp-content\/uploads\/DSC02401_2-768x210.jpg 768w, https:\/\/www.polmarterre.fr\/wp-content\/uploads\/DSC02401_2-1536x419.jpg 1536w, https:\/\/www.polmarterre.fr\/wp-content\/uploads\/DSC02401_2-2048x559.jpg 2048w\" sizes=\"auto, (max-width: 2560px) 100vw, 2560px\" \/><\/div>\n<div>&nbsp;<\/div>\n<div>\n<div class=\"dateart\"><span style=\"font-family: arial, helvetica, sans-serif;\">L\u2019application du dispositif sp\u00e9cifique ORSEC\/POLMAR-Terre est confi\u00e9e aux pr\u00e9fets de d\u00e9partement et de zone.<\/span><\/div>\n<div class=\"dateart\"><span style=\"font-family: arial, helvetica, sans-serif;\">Ils disposent dans ce cadre de l\u2019ensemble des moyens des administrations et notamment des moyens en mat\u00e9riels des centres de stockage interd\u00e9partementaux POLMAR-Terre dont ils rel\u00e8vent. Ces centres interd\u00e9partementaux sont g\u00e9r\u00e9s par le minist\u00e8re en charge de la Mer. Ils sont au nombre de 14 r\u00e9partis sur tout le littoral fran\u00e7ais (8 en m\u00e9tropole, 6 outre-mer).<\/span><\/div>\n<div class=\"dateart\"><span style=\"font-family: arial, helvetica, sans-serif;\">Les pr\u00e9fets de zones de d\u00e9fense mobilisent les moyens disponibles dans ces centres \u00e0 la demande des pr\u00e9fets de d\u00e9partement.<\/span><\/div>\n<\/div>\n<h2>&nbsp;<\/h2>\n<h2><span style=\"font-family: arial, helvetica, sans-serif;\"><strong>Le P\u00f4le National d&rsquo;Expertise POLMAR-Terre :<\/strong><\/span><\/h2>\n<h2><span style=\"font-family: arial, helvetica, sans-serif;\"><strong><span style=\"font-size: 14pt;\">Service technique de la Direction G\u00e9n\u00e9rale des Affaires Maritimes, de la P\u00eache et de l&rsquo;Aquaculture au Minist\u00e8re de la Transition \u00c9cologique et de la Coh\u00e9sion des Territoires, ayant pour missions :<\/span><br><\/strong><\/span><\/h2>\n<div id=\"page\" class=\"hfeed\">\n<div id=\"main\">\n<div id=\"primary\">\n<div id=\"content\" role=\"main\">\n<article id=\"post-54\" class=\"post-54 page type-page status-publish hentry\">\n<div class=\"entry-content\">\n<div class=\"texteart\">\n<ul class=\"spip\">\n<li><span style=\"font-family: arial, helvetica, sans-serif;\">la d\u00e9finition et l\u2019acquisition centralis\u00e9es des nouveaux mat\u00e9riels,<\/span><\/li>\n<li><span style=\"font-family: arial, helvetica, sans-serif;\">l\u2019assistance m\u00e9thodologique pour l\u2019\u00e9laboration des plans POLMAR-Terre (guide ORSEC Polmar-rre),<\/span><\/li>\n<li><span style=\"font-family: arial, helvetica, sans-serif;\">l\u2019assistance \u00e0 la formation des personnels sur le terrain (exercices, formation technique sur le mat\u00e9riel),<\/span><\/li>\n<li><span style=\"font-family: arial, helvetica, sans-serif;\">les \u00e9tudes et recherche destin\u00e9es \u00e0 am\u00e9liorer les mat\u00e9riels et les techniques de lutte, en liaison avec d\u2019autres organismes de recherche (Cedre, LNHE, BRGM, programme ANR-PRECODD\u2026).<\/span><\/li>\n<\/ul>\n<\/div>\n<\/div>\n<\/article>\n<\/div>\n<\/div>\n<\/div>\n<\/div>\n\n\n\n<h2 style=\"padding-left: 40px;\"><a href=\"https:\/\/www.polmarterre.fr\/wp-content\/uploads\/Plaquette-PNE-2026-1.pdf\" target=\"_blank\" rel=\"noopener\"><strong><span style=\"font-family: arial, helvetica, sans-serif; font-size: 14pt;\"> Plaquette PNE 2026<\/span><\/strong><\/a><\/h2>\n\n\n\n<p style=\"padding-left: 40px;\"><strong><span style=\"font-family: arial, helvetica, sans-serif;\">Lien vers le site du minist\u00e8re en charge de la mer :<\/span>&nbsp;<\/strong><a href=\"https:\/\/mer.gouv.fr\/le-dispositif-polmarterre\"><span style=\"font-family: arial, helvetica, sans-serif;\"><strong>https:\/\/mer.gouv.fr\/le-dispositif-polmarterre<\/strong><\/span><\/a><\/p>\n\n\n\n\n\n\n","protected":false},"excerpt":{"rendered":"<p>Le dispositif ORSEC\/POLMAR-Terre &nbsp; L\u2019application du dispositif sp\u00e9cifique ORSEC\/POLMAR-Terre est confi\u00e9e aux pr\u00e9fets de d\u00e9partement et de zone. Ils disposent dans ce cadre de l\u2019ensemble des moyens des administrations et notamment des moyens en mat\u00e9riels des centres de stockage interd\u00e9partementaux POLMAR-Terre dont ils rel\u00e8vent. Ces centres interd\u00e9partementaux sont g\u00e9r\u00e9s par le minist\u00e8re en charge de&hellip; <a href=\"https:\/\/www.polmarterre.fr\/\" class=\"more-link\">Lire la suite <span class=\"screen-reader-text\">Accueil<\/span><\/a><\/p>\n","protected":false},"author":1,"featured_media":0,"parent":0,"menu_order":0,"comment_status":"closed","ping_status":"closed","template":"","meta":{"footnotes":""},"class_list":["post-2","page","type-page","status-publish","hentry","without-featured-image"],"_links":{"self":[{"href":"https:\/\/www.polmarterre.fr\/index.php\/wp-json\/wp\/v2\/pages\/2","targetHints":{"allow":["GET"]}}],"collection":[{"href":"https:\/\/www.polmarterre.fr\/index.php\/wp-json\/wp\/v2\/pages"}],"about":[{"href":"https:\/\/www.polmarterre.fr\/index.php\/wp-json\/wp\/v2\/types\/page"}],"author":[{"embeddable":true,"href":"https:\/\/www.polmarterre.fr\/index.php\/wp-json\/wp\/v2\/users\/1"}],"replies":[{"embeddable":true,"href":"https:\/\/www.polmarterre.fr\/index.php\/wp-json\/wp\/v2\/comments?post=2"}],"version-history":[{"count":41,"href":"https:\/\/www.polmarterre.fr\/index.php\/wp-json\/wp\/v2\/pages\/2\/revisions"}],"predecessor-version":[{"id":1657,"href":"https:\/\/www.polmarterre.fr\/index.php\/wp-json\/wp\/v2\/pages\/2\/revisions\/1657"}],"wp:attachment":[{"href":"https:\/\/www.polmarterre.fr\/index.php\/wp-json\/wp\/v2\/media?parent=2"}],"curies":[{"name":"wp","href":"https:\/\/api.w.org\/{rel}","templated":true}]}}