{"id":1076,"date":"2022-09-01T14:22:05","date_gmt":"2022-09-01T12:22:05","guid":{"rendered":"https:\/\/www.polmarterre.fr\/?page_id=1076"},"modified":"2023-01-04T16:07:57","modified_gmt":"2023-01-04T15:07:57","slug":"les-moyens-mobilisables","status":"publish","type":"page","link":"https:\/\/www.polmarterre.fr\/index.php\/les-moyens-mobilisables\/","title":{"rendered":"Les moyens mobilisables"},"content":{"rendered":"\n<h3><strong>En fonction de l\u2019ampleur de la pollution :<\/strong><\/h3>\n<table style=\"border-collapse: collapse; width: 100%;\">\n<tbody>\n<tr>\n<td style=\"width: 58.0953%;\">\n<ul>\n<li>\n<h4><strong>les moyens communaux ou portuaires,<\/strong><\/h4>\n<ul style=\"list-style-type: circle;\">\n<li>Petits mat\u00e9riels de ramassage, cribleuses, engins manutention\/TP,\u2026<\/li>\n<li style=\"text-align: left;\"><span style=\"font-size: revert; font-family: inherit; font-weight: inherit; color: initial;\">Identifi\u00e9s et r\u00e9pertori\u00e9s dans le cadre du plan communal de sauvegarde (PCS), s&rsquo;il existe<\/span><\/li>\n<\/ul>\n<\/li>\n<\/ul>\n<\/td>\n<td style=\"width: 41.9047%; vertical-align: middle;\"><img loading=\"lazy\" decoding=\"async\" class=\"wp-image-1079 size-full aligncenter\" src=\"https:\/\/www.polmarterre.fr\/wp-content\/uploads\/moyens_2.jpg\" alt=\"\" width=\"179\" height=\"156\" \/><\/td>\n<\/tr>\n<tr>\n<td style=\"width: 58.0953%; vertical-align: middle;\">\n<ul>\n<li>\n<h4><strong>Les SDIS<\/strong><\/h4>\n<ul style=\"list-style-type: circle;\">\n<li style=\"text-align: left;\">Petits barrages antipollution,<\/li>\n<li style=\"text-align: left;\">R\u00e9cup\u00e9rateurs et pompes hydrocarbures,<\/li>\n<li style=\"text-align: left;\">Pompes \u00e0 eau,<\/li>\n<li style=\"text-align: left;\">Absorbants,<\/li>\n<li style=\"text-align: left;\">Petits mat\u00e9riels de ramassage&#8230;<\/li>\n<\/ul>\n<\/li>\n<\/ul>\n<\/td>\n<td style=\"width: 41.9047%; vertical-align: middle;\">\n<p><img loading=\"lazy\" decoding=\"async\" class=\"alignleft size-medium wp-image-1080\" src=\"https:\/\/www.polmarterre.fr\/wp-content\/uploads\/moyens_3-300x123.jpg\" alt=\"\" width=\"300\" height=\"123\" srcset=\"https:\/\/www.polmarterre.fr\/wp-content\/uploads\/moyens_3-300x123.jpg 300w, https:\/\/www.polmarterre.fr\/wp-content\/uploads\/moyens_3-1024x419.jpg 1024w, https:\/\/www.polmarterre.fr\/wp-content\/uploads\/moyens_3-768x314.jpg 768w, https:\/\/www.polmarterre.fr\/wp-content\/uploads\/moyens_3-1536x628.jpg 1536w, https:\/\/www.polmarterre.fr\/wp-content\/uploads\/moyens_3-2048x837.jpg 2048w\" sizes=\"auto, (max-width: 300px) 100vw, 300px\" \/><\/p>\n<p>\u00a0<\/p>\n<\/td>\n<\/tr>\n<tr>\n<td style=\"width: 100%;\" colspan=\"2\">\n<ul style=\"list-style-type: disc;\">\n<li>\n<h4><strong>Les moyens des conseils d\u00e9partementaux,<\/strong><\/h4>\n<\/li>\n<li>\n<h4><strong>les moyens priv\u00e9s,<\/strong><\/h4>\n<\/li>\n<li>\n<h4><strong>les moyens \u00e9trangers<\/strong><\/h4>\n<\/li>\n<\/ul>\n<\/td>\n<\/tr>\n<\/tbody>\n<\/table>\n<p>\u00a0<\/p>\n<h3><strong>Les moyens nationaux de l&rsquo;Etat : les centres de stockage Polmar-Terre<\/strong><\/h3>\n<table style=\"border-collapse: collapse; width: 100%; height: 245px;\">\n<tbody>\n<tr style=\"height: 460px;\">\n<td style=\"width: 62.8572%; height: 245px;\">\n<ul style=\"list-style-type: disc;\">\n<li>Mat\u00e9riels sp\u00e9cifiques antipollution acquis par la DGAMPA avec l\u2019assistance technique du P\u00f4le National d\u2019Expertise POLMAR-Terre (achats centralis\u00e9s) pour le minist\u00e8re de la Mer<\/li>\n<li>Stock\u00e9s, maintenus et g\u00e9r\u00e9s par les Centres Interd\u00e9partementaux de Stockage Polmar-terre (Services du minist\u00e8re de la Mer &#8211; DIRM)<\/li>\n<li>Mobilisables par les Pr\u00e9fets de Zone de D\u00e9fense, sur demande des Pr\u00e9fets de D\u00e9partement<\/li>\n<li>Possibilit\u00e9 de mobilisation de ces mat\u00e9riels pour de petites pollutions par convention pr\u00e9-\u00e9tablie \u00e0 titre on\u00e9reux (mod\u00e8le de convention aupr\u00e8s des centres POLMAR ou du PNE)<\/li>\n<\/ul>\n<\/td>\n<td style=\"width: 37.1428%; vertical-align: top; height: 245px;\">\n<p><img loading=\"lazy\" decoding=\"async\" class=\"wp-image-1083 size-thumbnail aligncenter\" src=\"https:\/\/www.polmarterre.fr\/wp-content\/uploads\/moyens_6-150x150.jpg\" alt=\"\" width=\"150\" height=\"150\" srcset=\"https:\/\/www.polmarterre.fr\/wp-content\/uploads\/moyens_6-150x150.jpg 150w, https:\/\/www.polmarterre.fr\/wp-content\/uploads\/moyens_6-180x180.jpg 180w\" sizes=\"auto, (max-width: 150px) 100vw, 150px\" \/><\/p>\n<p><img loading=\"lazy\" decoding=\"async\" class=\"size-medium wp-image-1084 alignright\" src=\"https:\/\/www.polmarterre.fr\/wp-content\/uploads\/moyens_7-300x200.jpg\" alt=\"\" width=\"300\" height=\"200\" srcset=\"https:\/\/www.polmarterre.fr\/wp-content\/uploads\/moyens_7-300x200.jpg 300w, https:\/\/www.polmarterre.fr\/wp-content\/uploads\/moyens_7.jpg 528w\" sizes=\"auto, (max-width: 300px) 100vw, 300px\" \/><\/p>\n<\/td>\n<\/tr>\n<\/tbody>\n<\/table>\n<h3><strong>Les moyens humains : qui pose le mat\u00e9riel\u00a0?<\/strong><\/h3>\n<ul style=\"list-style-type: disc;\">\n<li>Dans la phase d\u2019urgence, les mat\u00e9riels des centres POLMAR-Terre, sont pos\u00e9s par :<\/li>\n<\/ul>\n<ul style=\"list-style-type: disc;\">\n<li style=\"list-style-type: none;\">\n<ul style=\"list-style-type: circle;\">\n<li>les personnels form\u00e9s lors des exercices et formations : 1 tous les 3 ans par d\u00e9partement,<\/li>\n<li>les personnels form\u00e9s au Cedre,<\/li>\n<li>les SDIS,<\/li>\n<li>les FORMISC<\/li>\n<\/ul>\n<\/li>\n<li>Dans un deuxi\u00e8me temps, ce sont les entreprises priv\u00e9s s\u00e9lectionn\u00e9es par les march\u00e9s anticip\u00e9s qui prennent le relais.<\/li>\n<\/ul>\n<h4><strong>La gestion des b\u00e9n\u00e9voles :<\/strong><\/h4>\n<ul style=\"list-style-type: disc;\">\n<li>La pr\u00e9sence des b\u00e9n\u00e9voles n\u2019est pas souhait\u00e9e sur les chantiers de nettoyage.<\/li>\n<li>Retour d\u2019exp\u00e9rience des pr\u00e9c\u00e9dentes pollutions : non form\u00e9s, probl\u00e8mes de logistique, pr\u00e9sence non stable, responsabilit\u00e9s face aux dangers<\/li>\n<li>Missions envisageables : sous la responsabilit\u00e9 d\u2019associations agr\u00e9\u00e9es : sauvetage de la faune, restauration du littoral, logistique<\/li>\n<li>Communication importante \u00e0 pr\u00e9voir et anticiper<\/li>\n<\/ul>\n<p>\u00a0<\/p>\n","protected":false},"excerpt":{"rendered":"<p>En fonction de l\u2019ampleur de la pollution : les moyens communaux ou portuaires, Petits mat\u00e9riels de ramassage, cribleuses, engins manutention\/TP,\u2026 Identifi\u00e9s et r\u00e9pertori\u00e9s dans le cadre du plan communal de sauvegarde (PCS), s&rsquo;il existe Les SDIS Petits barrages antipollution, R\u00e9cup\u00e9rateurs et pompes hydrocarbures, Pompes \u00e0 eau, Absorbants, Petits mat\u00e9riels de ramassage&#8230; \u00a0 Les moyens des&hellip; <a href=\"https:\/\/www.polmarterre.fr\/index.php\/les-moyens-mobilisables\/\" class=\"more-link\">Lire la suite <span class=\"screen-reader-text\">Les moyens mobilisables<\/span><\/a><\/p>\n","protected":false},"author":1,"featured_media":0,"parent":0,"menu_order":0,"comment_status":"closed","ping_status":"closed","template":"templates\/full-width-page.php","meta":{"footnotes":""},"class_list":["post-1076","page","type-page","status-publish","hentry","without-featured-image"],"_links":{"self":[{"href":"https:\/\/www.polmarterre.fr\/index.php\/wp-json\/wp\/v2\/pages\/1076","targetHints":{"allow":["GET"]}}],"collection":[{"href":"https:\/\/www.polmarterre.fr\/index.php\/wp-json\/wp\/v2\/pages"}],"about":[{"href":"https:\/\/www.polmarterre.fr\/index.php\/wp-json\/wp\/v2\/types\/page"}],"author":[{"embeddable":true,"href":"https:\/\/www.polmarterre.fr\/index.php\/wp-json\/wp\/v2\/users\/1"}],"replies":[{"embeddable":true,"href":"https:\/\/www.polmarterre.fr\/index.php\/wp-json\/wp\/v2\/comments?post=1076"}],"version-history":[{"count":44,"href":"https:\/\/www.polmarterre.fr\/index.php\/wp-json\/wp\/v2\/pages\/1076\/revisions"}],"predecessor-version":[{"id":1432,"href":"https:\/\/www.polmarterre.fr\/index.php\/wp-json\/wp\/v2\/pages\/1076\/revisions\/1432"}],"wp:attachment":[{"href":"https:\/\/www.polmarterre.fr\/index.php\/wp-json\/wp\/v2\/media?parent=1076"}],"curies":[{"name":"wp","href":"https:\/\/api.w.org\/{rel}","templated":true}]}}

<h3><strong>En fonction de l’ampleur de la pollution :</strong></h3>
<table style="border-collapse: collapse; width: 100%;">
<tbody>
<tr>
<td style="width: 58.0953%;">
<ul>
<li>
<h4><strong>les moyens communaux ou portuaires,</strong></h4>
<ul style="list-style-type: circle;">
<li>Petits matériels de ramassage, cribleuses, engins manutention/TP,…</li>
<li style="text-align: left;"><span style="font-size: revert; font-family: inherit; font-weight: inherit; color: initial;">Identifiés et répertoriés dans le cadre du plan communal de sauvegarde (PCS), s&rsquo;il existe</span></li>
</ul>
</li>
</ul>
</td>
<td style="width: 41.9047%; vertical-align: middle;"><img loading="lazy" decoding="async" class="wp-image-1079 size-full aligncenter" src="https://www.polmarterre.fr/wp-content/uploads/moyens_2.jpg" alt="" width="179" height="156" /></td>
</tr>
<tr>
<td style="width: 58.0953%; vertical-align: middle;">
<ul>
<li>
<h4><strong>Les SDIS</strong></h4>
<ul style="list-style-type: circle;">
<li style="text-align: left;">Petits barrages antipollution,</li>
<li style="text-align: left;">Récupérateurs et pompes hydrocarbures,</li>
<li style="text-align: left;">Pompes à eau,</li>
<li style="text-align: left;">Absorbants,</li>
<li style="text-align: left;">Petits matériels de ramassage&#8230;</li>
</ul>
</li>
</ul>
</td>
<td style="width: 41.9047%; vertical-align: middle;">
<p><img loading="lazy" decoding="async" class="alignleft size-medium wp-image-1080" src="https://www.polmarterre.fr/wp-content/uploads/moyens_3-300x123.jpg" alt="" width="300" height="123" srcset="https://www.polmarterre.fr/wp-content/uploads/moyens_3-300x123.jpg 300w, https://www.polmarterre.fr/wp-content/uploads/moyens_3-1024x419.jpg 1024w, https://www.polmarterre.fr/wp-content/uploads/moyens_3-768x314.jpg 768w, https://www.polmarterre.fr/wp-content/uploads/moyens_3-1536x628.jpg 1536w, https://www.polmarterre.fr/wp-content/uploads/moyens_3-2048x837.jpg 2048w" sizes="auto, (max-width: 300px) 100vw, 300px" /></p>
<p> </p>
</td>
</tr>
<tr>
<td style="width: 100%;" colspan="2">
<ul style="list-style-type: disc;">
<li>
<h4><strong>Les moyens des conseils départementaux,</strong></h4>
</li>
<li>
<h4><strong>les moyens privés,</strong></h4>
</li>
<li>
<h4><strong>les moyens étrangers</strong></h4>
</li>
</ul>
</td>
</tr>
</tbody>
</table>
<p> </p>
<h3><strong>Les moyens nationaux de l&rsquo;Etat : les centres de stockage Polmar-Terre</strong></h3>
<table style="border-collapse: collapse; width: 100%; height: 245px;">
<tbody>
<tr style="height: 460px;">
<td style="width: 62.8572%; height: 245px;">
<ul style="list-style-type: disc;">
<li>Matériels spécifiques antipollution acquis par la DGAMPA avec l’assistance technique du Pôle National d’Expertise POLMAR-Terre (achats centralisés) pour le ministère de la Mer</li>
<li>Stockés, maintenus et gérés par les Centres Interdépartementaux de Stockage Polmar-terre (Services du ministère de la Mer &#8211; DIRM)</li>
<li>Mobilisables par les Préfets de Zone de Défense, sur demande des Préfets de Département</li>
<li>Possibilité de mobilisation de ces matériels pour de petites pollutions par convention pré-établie à titre onéreux (modèle de convention auprès des centres POLMAR ou du PNE)</li>
</ul>
</td>
<td style="width: 37.1428%; vertical-align: top; height: 245px;">
<p><img loading="lazy" decoding="async" class="wp-image-1083 size-thumbnail aligncenter" src="https://www.polmarterre.fr/wp-content/uploads/moyens_6-150x150.jpg" alt="" width="150" height="150" srcset="https://www.polmarterre.fr/wp-content/uploads/moyens_6-150x150.jpg 150w, https://www.polmarterre.fr/wp-content/uploads/moyens_6-180x180.jpg 180w" sizes="auto, (max-width: 150px) 100vw, 150px" /></p>
<p><img loading="lazy" decoding="async" class="size-medium wp-image-1084 alignright" src="https://www.polmarterre.fr/wp-content/uploads/moyens_7-300x200.jpg" alt="" width="300" height="200" srcset="https://www.polmarterre.fr/wp-content/uploads/moyens_7-300x200.jpg 300w, https://www.polmarterre.fr/wp-content/uploads/moyens_7.jpg 528w" sizes="auto, (max-width: 300px) 100vw, 300px" /></p>
</td>
</tr>
</tbody>
</table>
<h3><strong>Les moyens humains : qui pose le matériel ?</strong></h3>
<ul style="list-style-type: disc;">
<li>Dans la phase d’urgence, les matériels des centres POLMAR-Terre, sont posés par :</li>
</ul>
<ul style="list-style-type: disc;">
<li style="list-style-type: none;">
<ul style="list-style-type: circle;">
<li>les personnels formés lors des exercices et formations : 1 tous les 3 ans par département,</li>
<li>les personnels formés au Cedre,</li>
<li>les SDIS,</li>
<li>les FORMISC</li>
</ul>
</li>
<li>Dans un deuxième temps, ce sont les entreprises privés sélectionnées par les marchés anticipés qui prennent le relais.</li>
</ul>
<h4><strong>La gestion des bénévoles :</strong></h4>
<ul style="list-style-type: disc;">
<li>La présence des bénévoles n’est pas souhaitée sur les chantiers de nettoyage.</li>
<li>Retour d’expérience des précédentes pollutions : non formés, problèmes de logistique, présence non stable, responsabilités face aux dangers</li>
<li>Missions envisageables : sous la responsabilité d’associations agréées : sauvetage de la faune, restauration du littoral, logistique</li>
<li>Communication importante à prévoir et anticiper</li>
</ul>
<p> </p>

<p>En fonction de l’ampleur de la pollution : les moyens communaux ou portuaires, Petits matériels de ramassage, cribleuses, engins manutention/TP,… Identifiés et répertoriés dans le cadre du plan communal de sauvegarde (PCS), s&rsquo;il existe Les SDIS Petits barrages antipollution, Récupérateurs et pompes hydrocarbures, Pompes à eau, Absorbants, Petits matériels de ramassage&#8230;   Les moyens des&hellip; <a href="https://www.polmarterre.fr/index.php/les-moyens-mobilisables/" class="more-link">Lire la suite <span class="screen-reader-text">Les moyens mobilisables</span></a></p>
